e prime factors of 50894307?
3, 2089, 2707
What are the prime factors of 138152281?
73, 1892497
What are the prime factors of 619923931?
11, 4129, 13649
List the prime factors of 236705622.
2, 3, 71, 193, 2879
List the prime factors of 191804097.
3, 63934699
What are the prime factors of 102711615?
3, 5, 53, 129197
What are the prime factors of 1527445335?
3, 5, 13, 1019, 7687
What are the prime factors of 62144868?
2, 3, 5178739
List the prime factors of 426031089.
3, 11, 12910033
List the prime factors of 205266380.
2, 5, 11, 37, 151, 167
List the prime factors of 3992466160.
2, 5, 49905827
List the prime factors of 251002546.
2, 127, 988199
List the prime factors of 50917216.
2, 7, 23, 9883
List the prime factors of 5433719378.
2, 2357, 1152677
What are the prime factors of 354539020?
2, 5, 11, 23, 70067
List the prime factors of 929016692.
2, 232254173
List the prime factors of 20234554.
2, 61, 165857
List the prime factors of 657991788.
2, 3, 29, 1181, 1601
List the prime factors of 1760933345.
5, 352186669
List the prime factors of 76016652.
2, 3, 73, 107, 811
List the prime factors of 5354008091.
19919, 268789
What are the prime factors of 7771939?
7, 158611
What are the prime factors of 191900957?
191900957
What are the prime factors of 2519954369?
59, 4373, 9767
What are the prime factors of 1670305193?
1670305193
List the prime factors of 3736360214.
2, 43, 653, 66533
List the prime factors of 43914755.
5, 31, 311, 911
What are the prime factors of 487671837?
3, 293, 554803
List the prime factors of 1723851135.
3, 5, 137, 279619
List the prime factors of 135742852.
2, 7, 29, 349, 479
What are the prime factors of 6346151?
7, 17, 3137
What are the prime factors of 108982637?
127, 347, 2473
What are the prime factors of 805500926?
2, 29, 1973, 7039
List the prime factors of 750944113.
750944113
List the prime factors of 355461196.
2, 19, 4677121
What are the prime factors of 36851077?
4027, 9151
List the prime factors of 1102484326.
2, 13649, 40387
List the prime factors of 7891125558.
2, 3, 23399, 56207
List the prime factors of 221649237.
3, 8209231
List the prime factors of 249160215.
3, 5, 257, 64633
What are the prime factors of 284558860?
2, 5, 37, 41, 83, 113
List the prime factors of 3594710720.
2, 5, 163, 68917
List the prime factors of 83460799.
199, 419401
List the prime factors of 5816120052.
2, 3, 421, 1151251
What are the prime factors of 2562824292?
2, 3, 7, 30509813
What are the prime factors of 1011449414?
2, 29, 17438783
List the prime factors of 348081071.
13, 1801, 14867
What are the prime factors of 55328030?
2, 5, 17, 325459
List the prime factors of 915187020.
2, 3, 5, 11, 23, 60289
List the prime factors of 8152854.
2, 3, 1358809
List the prime factors of 707441663.
707441663
What are the prime factors of 194762011?
383, 508517
What are the prime factors of 331813264?
2, 19, 103, 10597
List the prime factors of 4827546.
2, 3, 89399
List the prime factors of 2959857492.
2, 3, 131, 1882861
List the prime factors of 119373188.
2, 11, 31, 87517
List the prime factors of 115347707.
115347707
What are the prime factors of 725008280?
2, 5, 79, 229433
What are the prime factors of 917623480?
2, 5, 22940587
What are the prime factors of 271409305?
5, 54281861
What are the prime factors of 12048353?
12048353
List the prime factors of 1001912676.
2, 3, 601, 138923
What are the prime factors of 91016430?
2, 3, 5, 3033881
List the prime factors of 287529871.
701, 410171
List the prime factors of 72610901.
11, 53, 269, 463
List the prime factors of 191378790.
2, 3, 5, 2126431
List the prime factors of 2299037392.
2, 19, 53, 293, 487
List the prime factors of 3033599090.
2, 5, 19, 193, 82727
What are the prime factors of 1360967732?
2, 541, 628913
What are the prime factors of 1418108665?
5, 353, 803461
What are the prime factors of 1418330815?
5, 11, 1019, 25307
List the prime factors of 3466177570.
2, 5, 197, 1759481
What are the prime factors of 71453559?
3, 23817853
What are the prime factors of 305590438?
2, 109, 1401791
What are the prime factors of 352500965?
5, 89, 197, 4021
List the prime factors of 2788314804.
2, 3, 11, 640109
List the prime factors of 5453007245.
5, 7, 751, 207457
What are the prime factors of 187952825?
5, 7518113
List the prime factors of 1263818262.
2, 3, 7, 30090911
List the prime factors of 5117920367.
7, 59, 1019, 12161
What are the prime factors of 2225489900?
2, 5, 22254899
List the prime factors of 222281259.
3, 29, 467, 5471
What are the prime factors of 52390904?
2, 19, 79, 4363
What are the prime factors of 542407240?
2, 5, 3547, 3823
List the prime factors of 140570968.
2, 19, 924809
List the prime factors of 117532197.
3, 2053, 6361
List the prime factors of 1400551430.
2, 5, 191, 733273
What are the prime factors of 111386495?
5, 11, 67, 167, 181
What are the prime factors of 32291606?
2, 191, 84533
List the prime factors of 8588989631.
8588989631
List the prime factors of 43228223.
157, 275339
What are the prime factors of 332915123?
332915123
List the prime factors of 155172132.
2, 3, 1436779
List the prime factors of 78048573.
3, 241, 107951
List the prime factors of 6076574.
2, 7, 241, 1801
What are the prime factors of 603939272?
2, 31, 1277, 1907
List the prime factors of 540992349.
3, 60110261
What are the prime factors of 1287800894?
2, 43, 3221, 4649
List the prime factors of 176048653.
11, 157, 101939
List the prime factors of 2252604670.
2, 5, 225260467
List the prime factors of 401202895.
5, 71, 541, 2089
List the prime factors of 190036356.
2, 3, 673, 23531
What are the prime factors of 59172638?
2, 7, 4226617
What are the prime factors of 608379120?
2, 3, 5, 71, 3967
What are the prime factors of 1009277549?
7, 19, 1084079
What are the prime factors of 26685032?
2, 11, 263, 1153
What are the prime factors of 4461628265?
5, 892325653
List the prime factors of 103907643.
3, 7, 139, 35597
List the prime factors of 13457768.
2, 277, 6073
List the prime factors of 58761542.
2, 7, 4197253
What are the prime factors of 588603072?
2, 3, 3065641
What are the prime factors of 44777350?
2, 5, 281, 3187
List the prime factors of 3332014088.
2, 13, 32038597
What are the prime factors of 335858256?
2, 3, 17, 137197
List the prime factors of 144702941.
113, 613, 2089
What are the prime factors of 419175926?
2, 13, 16122151
What are the prime factors of 52319619?
3, 11, 347, 1523
List the prime factors of 1848722434.
2, 13, 271, 20183
What are the prime factors of 198287551?
7, 11, 37, 79, 881
What are the prime factors of 4108725463?
127, 32352169
What are the prime factors of 2974085046?
2, 3, 55075649
What are the prime factors of 1143807373?
71, 227, 70969
What are the prime factors of 109097157?
3, 13, 2797363
What are the prime factors of 8912268312?
2, 3, 509, 729557
What are the prime factors of 3467970800?
2, 5, 7, 29, 42709
List the prime factors of 163667497.
7, 3340153
What are the prime factors of 174930677?
2293, 76289
List the prime factors of 261179714.
2, 3823, 34159
What are the prime factors of 490379403?
3, 211, 774691
What are the prime factors of 194086462?
2, 97043231
What are the prime factors of 1871574476?
2, 163, 2870513
What are the prime factors of 542032183?
7, 11, 607, 11597
List the prime factors of 4981755948.
2, 3, 13, 83, 384751
List the prime factors of 9437982.
2, 3, 1572997
List the prime factors of 28836318.
2, 3, 7, 17, 40387
What are the prime factors of 1219147984?
2, 76196749
What are the prime factors of 144626917?
19, 2207, 3449
What are the prime factors of 95367255?
3, 5, 191, 33287
What are the prime factors of 31401984?
2, 3, 19, 269
What are the prime factors of 59623493?
2939, 20287
List the prime factors of 1183796141.
11, 139, 774229
List the prime factors of 5256007.
139, 37813
List the prime factors of 654079120.
2, 5, 401, 20389
What are the prime factors of 747143114?
2, 47, 1861, 4271
List the prime factors of 515293978.
2, 23, 619, 18097
What are the prime factors of 14306115?
3, 5, 23, 41467
What are the prime factors of 110978832?
2, 3, 233, 9923
List the prime factors of 109639.
109639
What are the prime factors of 297557317?
53, 127, 44207
List the prime factors of 953986292.
2, 7, 373, 13049
What are the prime factors 